 10, -4*i + 30 = 3*u + 8. Let w(t) = -i + 1 - t - 4. Suppose 3617*x = 3631*x. What is w(x)?
-7
Let m(g) be the second derivative of g**4/12 - 7*g**3/6 - g**2/2 + 3*g - 33. Give m(7).
-1
Let i(n) = n**2 + 3*n. Let b(q) = -q + 22. Let a be b(25). Give i(a).
0
Let r(f) be the second derivative of -3*f + 0*f**2 + 0 - 7/12*f**4 + 1/60*f**5 + 0*f**3 - 1/720*f**6. Let x(s) be the third derivative of r(s). Give x(-4).
6
Let x(h) = -h + 4. Let b = -1466 + 1472. Give x(b).
-2
Suppose 4*w + 64 + 12 = 4*c, 56 = -4*w - c. Let d = w + 14. Let i(l) = -6*l**2. Determine i(d).
-6
Let b(q) = -q + 5. Suppose 0 = p + 14*i - 11*i - 13, 19 = 2*p - i. Determine b(p).
-5
Let h(x) = -6*x + 4. Let s(l) = l - 1. Let i = -71 + 66. Let f(g) = i*s(g) - h(g). What is f(-3)?
-2
Let h(w) = -2*w - 14*w - 3 + 33*w - 16*w. What is h(11)?
8
Let i(t) = t**2 - 4*t + 2. Let m(j) = -j**3 - 23*j**2 + 50*j + 4. Let r be m(-25). Calculate i(r).
2
Let k(u) = -5*u**3 + 2*u**2 + 9*u - 4. Let t(b) = 3*b**3 - 4*b**2 - 10*b + 4. Let r(q) = -2*k(q) - 3*t(q). Calculate r(-6).
-4
Suppose 4*l + 23*l - 15*l - 48 = 0. Let u = 5 + -3. Let w(b) = -b**u + 2 - 4 + 7 + b. Give w(l).
-7
Let g(b) = 2*b + 1. Let v(s) = -s - 1. Let j(c) = 5*g(c) + 6*v(c). Let w(d) = -6*d + 75. Let h be w(12). Suppose -h*a + 0 = r + 11, a - 5 = 4*r. What is j(r)?
-9
Suppose -3*b = -2*b - 3*l - 12, l = -5*b + 12. Let x(j) = -30 - 30 - j - 4*j**2 + j**3 + 62. Give x(b).
-10
Suppose 0 = 3*l - 7 - 5. Let h(i) = -456*i - 3*i**3 + i**3 - 6*i**2 + 460*i - 1 - 4*i**3 + 7*i**3. What is h(l)?
-17
Let r = -1019 + 1048. Let n(y) = -y**3 + 28*y**2 + 28*y + 25. Calculate n(r).
-4
Let z(x) = 4*x**2 + 47*x + 9. Let o(c) = -2*c**2 - 26*c - 5. Let i(d) = 9*o(d) + 5*z(d). Let m = -10 - -23. Suppose 5*f + m = -2. Calculate i(f).
15
Let h(c) = c**2 + c - 2. Suppose s + 0*s - 5 = 0. Let k be s*-1 + (2 - -1). Give h(k).
0
Let h(w) = -7*w**3 - w**2 - w. Let c be 2 + -1 - -1 - -3. Suppose 2*k + c + 9 = 5*m, 3*k - 13 = -m. Let a(x) = -x**2 + 5*x - 7. Let b be a(k). Determine h(b).
7
Let p(z) = 5*z - 37. Let w(j) = j - 9. Let s(b) = -2*p(b) + 9*w(b). Let g = 46 + -44. Suppose 0 = g*d + 3 + 3. What is s(d)?
-4
Let y(x) = -10*x - 10. Let g(n) = -2*n - 2. Let b(p) = -14*g(p) + 3*y(p). Let v(m) = -3*m**2 + 0*m**2 + 7 - 17*m + m**2. Let c be v(-9). Calculate b(c).
2
Suppose -878 = -27*d + 25*d. Let n(b) = 221*b + 215*b - d*b - 2. What is n(-2)?
4
Let d = -1 - -22. Suppose v + 2*v = d. Let s = v + -4. Let c(y) = -y**2 + y. Determine c(s).
-6
Let n(u) = u**3 + 3*u**2 - 6*u - 2. Let v be n(-4). Let f = 8 - v. Let c(p) be the first derivative of -p**3/3 - p**2/2 + p + 114. Calculate c(f).
-5
Let h(a) = -5*a**2 - a - 2. Let m(j) = 14*j**2 + 3*j + 7. Let w(v) = 11*h(v) + 4*m(v). Let d = -7 - -12. Suppose d*f - 2*f = 0. Give w(f).
6
Let c be 2/4*(8 + (-20 - -8)). Let n(p) be the second derivative of -3*p - 1/6*p**4 - 1/3*p**3 + 0 - 1/2*p**2. What is n(c)?
-5
Let i(b) = b**3 - 9*b**2 - 11. Let r = 16 - 7. Determine i(r).
-11
Let c(d) = -d**2 + 21*d + 3. Let l be c(21). Let z(m) = 3*m + 9. Let a = 10 + -4. Let x(r) = -7*r - 19. Let i(p) = a*x(p) + 13*z(p). Determine i(l).
-6
Let x = -767 + 46021/60. Let u(v) be the third derivative of x*v**5 + 1/6*v**3 + 1/40*v**6 + 0 + 0*v - 1/24*v**4 - v**2. Calculate u(1).
4
Suppose g + 2*w + 10 = -2*g, 4*g = 2*w - 4. Let u(o) = o**3 + o**2 + o + 4. Let h be u(g). Let t(m) = -6*m + 2*m + 2*m + 2 - 3*m**2. Calculate t(h).
-6
Let c(g) = -g**2 + 11*g + 10. Let q be c(12). Let u(a) be the first derivative of 2*a**3/3 + a**2 - 2*a + 42. Calculate u(q).
2
Let z(d) = d**3 - 4*d**2 + 2*d + 1. Let u(r) be the first derivative of r**3/3 - 4*r**2 + 2*r + 18. Let b be u(8). Determine z(b).
-3
Let r be 12/9*((-1)/(-2) - -4). Let m(h) = h**2 - 9*h + 4. What is m(r)?
-14
Let h(w) = w**3 - 9*w**2 + 4*w. Let g(r) = -3*r**3 + 26*r**2 - 12*r - 1. Let u = -26 - -30. Let k(y) = u*g(y) + 11*h(y). Calculate k(4).
-4
Suppose -114*c + 4*j + 18 = -111*c, -5*j + 18 = 3*c. Let m be 4*-1*-1 - 2. Let r(s) = -6*s + 7*s + 2*s**3 - s**3 - 6*s**m. What is r(c)?
6
Let r(s) = 1 + s**2 + s - s - 2*s - 3*s**3. Let h = -126 + 127. Determine r(h).
-3
Suppose -4*m + 1 - 7 = -g, -3*g + m = -40. Let k(i) = 2*i - 27. What is k(g)?
1
Let b(i) = -2 + i + 266*i**3 - 268*i**3 - i**2 - 2 + 3. Let s be b(1). Let z(y) be the second derivative of y**4/12 + 5*y**3/6 - y**2/2 + y. Give z(s).
-7
Let l(o) = o + 1. Let m(s) = s - 4. Let a be m(4). Determine l(a).
1
Let w(a) = 9*a**2 - 7*a + 4. Let y be w(1). Let t(l) = -2*l**3 + 14*l**2 - 12*l - 2. What is t(y)?
-2
Let q(k) = 10*k + k**2 + 28 + 25 - 69 + 17 - 2*k**2. Determine q(8).
17
Let v(b) = -b**3 + 5*b**2 + 6*b. Let y = 117 - 107. Let w be y - (3 + (-4)/(-4)). Calculate v(w).
0
Let g(o) = 3*o + 4*o - 2*o - 3*o. Let s(h) = h**3 - 2*h + 2. Let m be s(2). Let t = 11 - m. Calculate g(t).
10
Let y(s) be the first derivative of 3*s**2/2 + 4*s - 3. Let g = 40 - 34. Give y(g).
22
Let q = -92 - -84. Let t(c) = c**3 + 8*c**2 - 3*c - 1. Give t(q).
23
Let v(d) be the second derivative of -1/6*d**3 - 4*d + 0 + 1/24*d**4 + 2*d**2. Let n(z) be the first derivative of v(z). What is n(6)?
5
Let m(n) = 12*n - 1. Let h(f) = f. Let g(y) = -6*h(y) + m(y). Suppose -9*j + 5*j - 12 = 4*s, -2*j = -5*s - 22. Give g(j).
5
Let i(g) = 4*g**3 - g**2 + 3*g + 3. Let s be ((-35)/7)/((-5)/(-1)). Calculate i(s).
-5
Suppose -48 = 8*a - 4*a. Let b be ((-2)/(-4))/(a/(-408)). Let o(h) = -h - h + 7 - b. Determine o(-8).
6
Let q(k) = k**2 + 5*k - 7. Let i(p) = -3*p**2 + 14*p - 17. Let o(v) = -4*v**2 + 13*v - 18. Let n(c) = -5*i(c) + 4*o(c). Let a be n(-19). Calculate q(a).
-1
Let l(y) be the second derivative of -5/2*y**2 + 1/120*y**6 + 0 - 1/20*y**5 - 1/6*y**4 + 3*y + 1/6*y**3. Let w(m) be the first derivative of l(m). Give w(4).
1
Let c(q) = -2*q - 15. Let f(o) = 2*o**3 - o**2 + o + 2. Let u(n) = n**3 + n + 1. Let b(p) = 4*f(p) - 7*u(p). Let t be b(4). Calculate c(t).
7
Let w(r) be the third derivative of r**5/60 + 7*r**4/24 + 5*r**3/6 - 2*r**2 + 21. Calculate w(-6).
-1
Let l(i) be the second derivative of -i**8/6720 - i**7/280 - i**6/72 - i**5/30 + i**4/2 - 3*i. Let r(t) be the third derivative of l(t). Give r(-8).
12
Let s(c) = c**3 - 6*c**2 + c - 11. Suppose 4*f - 25 = -g, -5 = -4*f + 3*g + 16. Calculate s(f).
-5
Let b(m) be the third derivative of -m**4/24 - 7*m**3/6 - 17*m**2 + 7. What is b(-11)?
4
Let d(k) = k - 5. Let w(a) = 5*a + 1. Let b(t) = -2*d(t) + w(t). Calculate b(-7).
-10
Let n(t) = -t**2 + 7*t - 8. Let z be n(3). Let p(v) = -3*v**2 + 2*v + 15*v + 1 - 2*v. Let j(x) = -2*x**2 + 10*x + 1. Let s(a) = 7*j(a) - 5*p(a). Give s(z).
-2
Let j(c) = -13*c**2 + 25*c + 7. Let g be j(2). Let a(s) = s**2 - 3*s + 4. What is a(g)?
14
Suppose -5*t - l - 5 = 0, -3*t = -0*l + l + 5. Let o be (-20)/(-5) + -2 + 0. Let d(u) = -o + 1 + t*u + u - 1. What is d(5)?
3
Let i(z) = 12 - 17 + 7*z**2 + 15*z - 16. Let g(c) = 4*c**2 + 8*c - 11. Let q(k) = -5*g(k) + 3*i(k). Calculate q(-7).
6
Let z(u) = 23 + 11 - 19 + u - 3*u. Give z(10).
-5
Let u(y) = -5*y**2 - 2*y + 1. Let x be u(1). Let a = -45 - -50. Let g(p) = 2 + 11*p - a*p - 9*p. Determine g(x).
20
Let j(r) = 3*r**3 - 2*r**2 + r - 6. Let i(u) = -5*u**3 + 5*u**2 - u + 12. Let l(g) = -4*i(g) - 7*j(g). Let v be 185/10*(-3 + 1). Let p = v - -31. Give l(p).
12
Let v(z) be the second derivative of -z**6/120 - 7*z**5/60 + z**4/3 + z**3/3 + 2*z**2 - 7*z. Let y(d) be the first derivative of v(d). Calculate y(-8).
2
Let a(c) = -c**3 - 4*c**2 - c - 2. Let o be a(-4). Suppose 7*h + 4 = 8*h. Let s = h - o. Let z(u) = u**3 - u**2 - 3*u + 3. Calculate z(s).
1
Let z = -197 + 300. Let f(w) = -1 + z*w**2 + 6*w**3 - 103*w**2. Let n = 7 - 6. What is f(n)?
5
Let i(u) be the third derivative of 7/60*u**5 + 7/6*u**3 + 1/3*u**4 + 0 + 0*u - 2*u**2 + 1/120*u**6. Let g be i(-6). Let f(b) = b**2 + 7*b + 1. Calculate f(g).
-9
Let q(o) = -o**3 - 9*o**2 + 23*o + 22. Let k be q(-11). Let p(h) = h**2 - 11*h + 8. Give p(k).
8
Let i(w) = -3. Let d(j) = -j + 7. Let s(z) = -3*d(z) - 7*i(z). Suppose -15 = 12*a - 27. What is s(a)?
3
Let t be -3 + 6 + -1 + -3. Let o be (-2 - t) + 3 + 0. Let c(x) = 1 + x**2 - o + 3*x + 2 + 1. Calculate c(-3).
2
Let d(n) be the third derivative of -n**5/60 - n**3/3 + 45*n**2 - 3. Determine d(3).
-11
Let a(u) be the first derivative 